{"id":360,"date":"2011-01-18T20:46:44","date_gmt":"2011-01-18T19:46:44","guid":{"rendered":"http:\/\/www.atelier-drexl.de\/test\/?page_id=360"},"modified":"2023-01-15T12:48:26","modified_gmt":"2023-01-15T11:48:26","slug":"objekte","status":"publish","type":"page","link":"http:\/\/www.atelier-drexl.de\/?page_id=360","title":{"rendered":"Objekte"},"content":{"rendered":"<p>Statt des Negativs werden Objekte in die Glasb\u00fchne des Vergr\u00f6\u00dferungsger\u00e4tes eingelegt und auf Papier belichtet. Hier z.B. ein Papierfoto, Feuchtigkeitsspuren, Salzk\u00f6rner und ein Zeitungsausschnitt.<\/p>\n<div id='gallery-1' class='gallery galleryid-360 gallery-columns-3 gallery-size-medium'><figure class='gallery-item'>\n\t\t\t<div class='gallery-icon landscape'>\n\t\t\t\t<a href='http:\/\/www.atelier-drexl.de\/wp-content\/uploads\/2011\/01\/archiv026.jpg'><img loading=\"lazy\" decoding=\"async\" width=\"500\" height=\"345\" src=\"http:\/\/www.atelier-drexl.de\/wp-content\/uploads\/2011\/01\/archiv026-500x345.jpg\" class=\"attachment-medium size-medium\" alt=\"\" srcset=\"http:\/\/www.atelier-drexl.de\/wp-content\/uploads\/2011\/01\/archiv026-500x345.jpg 500w, http:\/\/www.atelier-drexl.de\/wp-content\/uploads\/2011\/01\/archiv026-150x103.jpg 150w, http:\/\/www.atelier-drexl.de\/wp-content\/uploads\/2011\/01\/archiv026.jpg 580w\" sizes=\"auto, (max-width: 500px) 100vw, 500px\" \/><\/a>\n\t\t\t<\/div><\/figure><figure class='gallery-item'>\n\t\t\t<div class='gallery-icon landscape'>\n\t\t\t\t<a href='http:\/\/www.atelier-drexl.de\/wp-content\/uploads\/2011\/01\/archiv027.jpg'><img loading=\"lazy\" decoding=\"async\" width=\"500\" height=\"375\" src=\"http:\/\/www.atelier-drexl.de\/wp-content\/uploads\/2011\/01\/archiv027-500x375.jpg\" class=\"attachment-medium size-medium\" alt=\"\" srcset=\"http:\/\/www.atelier-drexl.de\/wp-content\/uploads\/2011\/01\/archiv027-500x375.jpg 500w, http:\/\/www.atelier-drexl.de\/wp-content\/uploads\/2011\/01\/archiv027-150x112.jpg 150w, http:\/\/www.atelier-drexl.de\/wp-content\/uploads\/2011\/01\/archiv027.jpg 580w\" sizes=\"auto, (max-width: 500px) 100vw, 500px\" \/><\/a>\n\t\t\t<\/div><\/figure><figure class='gallery-item'>\n\t\t\t<div class='gallery-icon landscape'>\n\t\t\t\t<a href='http:\/\/www.atelier-drexl.de\/wp-content\/uploads\/2011\/01\/archiv029.jpg'><img loading=\"lazy\" decoding=\"async\" width=\"500\" height=\"352\" src=\"http:\/\/www.atelier-drexl.de\/wp-content\/uploads\/2011\/01\/archiv029-500x352.jpg\" class=\"attachment-medium size-medium\" alt=\"\" srcset=\"http:\/\/www.atelier-drexl.de\/wp-content\/uploads\/2011\/01\/archiv029-500x352.jpg 500w, http:\/\/www.atelier-drexl.de\/wp-content\/uploads\/2011\/01\/archiv029-150x105.jpg 150w, http:\/\/www.atelier-drexl.de\/wp-content\/uploads\/2011\/01\/archiv029.jpg 580w\" sizes=\"auto, (max-width: 500px) 100vw, 500px\" \/><\/a>\n\t\t\t<\/div><\/figure><figure class='gallery-item'>\n\t\t\t<div class='gallery-icon portrait'>\n\t\t\t\t<a href='http:\/\/www.atelier-drexl.de\/wp-content\/uploads\/2011\/01\/archiv031.jpg'><img loading=\"lazy\" decoding=\"async\" width=\"483\" height=\"500\" src=\"http:\/\/www.atelier-drexl.de\/wp-content\/uploads\/2011\/01\/archiv031.jpg\" class=\"attachment-medium size-medium\" alt=\"\" srcset=\"http:\/\/www.atelier-drexl.de\/wp-content\/uploads\/2011\/01\/archiv031.jpg 483w, http:\/\/www.atelier-drexl.de\/wp-content\/uploads\/2011\/01\/archiv031-144x150.jpg 144w\" sizes=\"auto, (max-width: 483px) 100vw, 483px\" \/><\/a>\n\t\t\t<\/div><\/figure>\n\t\t<\/div>\n\n","protected":false},"excerpt":{"rendered":"<p>Statt des Negativs werden Objekte in die Glasb\u00fchne des Vergr\u00f6\u00dferungsger\u00e4tes eingelegt und auf Papier belichtet. Hier z.B. ein Papierfoto, Feuchtigkeitsspuren, Salzk\u00f6rner und ein Zeitungsausschnitt.<\/p>\n","protected":false},"author":1,"featured_media":0,"parent":150,"menu_order":7,"comment_status":"closed","ping_status":"closed","template":"","meta":{"footnotes":""},"class_list":["post-360","page","type-page","status-publish","hentry"],"_links":{"self":[{"href":"http:\/\/www.atelier-drexl.de\/index.php?rest_route=\/wp\/v2\/pages\/360","targetHints":{"allow":["GET"]}}],"collection":[{"href":"http:\/\/www.atelier-drexl.de\/index.php?rest_route=\/wp\/v2\/pages"}],"about":[{"href":"http:\/\/www.atelier-drexl.de\/index.php?rest_route=\/wp\/v2\/types\/page"}],"author":[{"embeddable":true,"href":"http:\/\/www.atelier-drexl.de\/index.php?rest_route=\/wp\/v2\/users\/1"}],"replies":[{"embeddable":true,"href":"http:\/\/www.atelier-drexl.de\/index.php?rest_route=%2Fwp%2Fv2%2Fcomments&post=360"}],"version-history":[{"count":4,"href":"http:\/\/www.atelier-drexl.de\/index.php?rest_route=\/wp\/v2\/pages\/360\/revisions"}],"predecessor-version":[{"id":1595,"href":"http:\/\/www.atelier-drexl.de\/index.php?rest_route=\/wp\/v2\/pages\/360\/revisions\/1595"}],"up":[{"embeddable":true,"href":"http:\/\/www.atelier-drexl.de\/index.php?rest_route=\/wp\/v2\/pages\/150"}],"wp:attachment":[{"href":"http:\/\/www.atelier-drexl.de\/index.php?rest_route=%2Fwp%2Fv2%2Fmedia&parent=360"}],"curies":[{"name":"wp","href":"https:\/\/api.w.org\/{rel}","templated":true}]}}

<p>Statt des Negativs werden Objekte in die Glasbühne des Vergrößerungsgerätes eingelegt und auf Papier belichtet. Hier z.B. ein Papierfoto, Feuchtigkeitsspuren, Salzkörner und ein Zeitungsausschnitt.</p>
<div id='gallery-1' class='gallery galleryid-360 gallery-columns-3 gallery-size-medium'><figure class='gallery-item'>
			<div class='gallery-icon landscape'>
				<a href='http://www.atelier-drexl.de/wp-content/uploads/2011/01/archiv026.jpg'><img loading="lazy" decoding="async" width="500" height="345" src="http://www.atelier-drexl.de/wp-content/uploads/2011/01/archiv026-500x345.jpg" class="attachment-medium size-medium" alt="" srcset="http://www.atelier-drexl.de/wp-content/uploads/2011/01/archiv026-500x345.jpg 500w, http://www.atelier-drexl.de/wp-content/uploads/2011/01/archiv026-150x103.jpg 150w, http://www.atelier-drexl.de/wp-content/uploads/2011/01/archiv026.jpg 580w" sizes="auto, (max-width: 500px) 100vw, 500px" /></a>
			</div></figure><figure class='gallery-item'>
			<div class='gallery-icon landscape'>
				<a href='http://www.atelier-drexl.de/wp-content/uploads/2011/01/archiv027.jpg'><img loading="lazy" decoding="async" width="500" height="375" src="http://www.atelier-drexl.de/wp-content/uploads/2011/01/archiv027-500x375.jpg" class="attachment-medium size-medium" alt="" srcset="http://www.atelier-drexl.de/wp-content/uploads/2011/01/archiv027-500x375.jpg 500w, http://www.atelier-drexl.de/wp-content/uploads/2011/01/archiv027-150x112.jpg 150w, http://www.atelier-drexl.de/wp-content/uploads/2011/01/archiv027.jpg 580w" sizes="auto, (max-width: 500px) 100vw, 500px" /></a>
			</div></figure><figure class='gallery-item'>
			<div class='gallery-icon landscape'>
				<a href='http://www.atelier-drexl.de/wp-content/uploads/2011/01/archiv029.jpg'><img loading="lazy" decoding="async" width="500" height="352" src="http://www.atelier-drexl.de/wp-content/uploads/2011/01/archiv029-500x352.jpg" class="attachment-medium size-medium" alt="" srcset="http://www.atelier-drexl.de/wp-content/uploads/2011/01/archiv029-500x352.jpg 500w, http://www.atelier-drexl.de/wp-content/uploads/2011/01/archiv029-150x105.jpg 150w, http://www.atelier-drexl.de/wp-content/uploads/2011/01/archiv029.jpg 580w" sizes="auto, (max-width: 500px) 100vw, 500px" /></a>
			</div></figure><figure class='gallery-item'>
			<div class='gallery-icon portrait'>
				<a href='http://www.atelier-drexl.de/wp-content/uploads/2011/01/archiv031.jpg'><img loading="lazy" decoding="async" width="483" height="500" src="http://www.atelier-drexl.de/wp-content/uploads/2011/01/archiv031.jpg" class="attachment-medium size-medium" alt="" srcset="http://www.atelier-drexl.de/wp-content/uploads/2011/01/archiv031.jpg 483w, http://www.atelier-drexl.de/wp-content/uploads/2011/01/archiv031-144x150.jpg 144w" sizes="auto, (max-width: 483px) 100vw, 483px" /></a>
			</div></figure>
		</div>

<p>Statt des Negativs werden Objekte in die Glasbühne des Vergrößerungsgerätes eingelegt und auf Papier belichtet. Hier z.B. ein Papierfoto, Feuchtigkeitsspuren, Salzkörner und ein Zeitungsausschnitt.</p>
